atest common factor of 48 and 45857696.
16
What is the highest common divisor of 27439447 and 179?
179
What is the greatest common divisor of 433908 and 71604?
612
Calculate the highest common divisor of 48 and 32951136.
48
Calculate the greatest common factor of 566580 and 498750.
3990
Calculate the greatest common factor of 85984 and 9824.
32
Calculate the highest common factor of 181093860 and 91800.
9180
Calculate the greatest common divisor of 7701 and 397933773.
7701
What is the greatest common factor of 24308 and 8165016?
412
Calculate the greatest common factor of 4173 and 412806.
321
Calculate the highest common divisor of 29360 and 17960.
40
Calculate the greatest common factor of 156 and 5252572.
52
Calculate the highest common divisor of 7120 and 10495.
5
Calculate the greatest common divisor of 58669364 and 10297.
1471
What is the greatest common divisor of 324566491 and 573?
191
What is the greatest common factor of 13214 and 904?
2
What is the highest common factor of 341606 and 22018?
218
What is the greatest common divisor of 118 and 74910?
2
What is the highest common factor of 63019 and 46043973?
5729
Calculate the highest common divisor of 9068 and 325643215.
2267
What is the highest common divisor of 148237 and 153657?
271
Calculate the greatest common divisor of 9265308 and 2340.
156
What is the highest common factor of 12434674 and 511?
511
Calculate the greatest common factor of 51034 and 2587961.
1343
Calculate the highest common factor of 3060 and 1331474.
34
What is the highest common factor of 25513 and 10153337?
31
Calculate the greatest common factor of 4186 and 2339008.
322
Calculate the highest common factor of 91026789 and 1275.
51
What is the highest common factor of 550832 and 1970896?
3184
Calculate the highest common factor of 9287 and 606134.
37
Calculate the greatest common divisor of 5490 and 10825670.
610
What is the greatest common divisor of 22111454 and 1796?
898
Calculate the highest common factor of 123285225 and 19110.
735
What is the highest common factor of 391155 and 17445?
15
What is the greatest common factor of 1848 and 7289808?
24
Calculate the greatest common factor of 4316306 and 1273.
19
What is the highest common factor of 1003740 and 570?
30
Calculate the highest common divisor of 120 and 356134920.
120
What is the highest common divisor of 47456304 and 735?
147
Calculate the greatest common factor of 1100244 and 495276.
3324
What is the greatest common factor of 10606 and 2762?
2
Calculate the highest common factor of 22113 and 1160649.
567
What is the highest common factor of 31 and 121858489?
31
Calculate the highest common factor of 130683 and 909447.
2667
What is the highest common divisor of 58605 and 88305?
15
What is the greatest common factor of 22090 and 3498210?
470
Calculate the highest common divisor of 3689466 and 528.
66
What is the highest common divisor of 321 and 167988288?
321
Calculate the highest common divisor of 25 and 3987370.
5
Calculate the greatest common divisor of 3520 and 4713500.
220
What is the highest common factor of 132768 and 1713312?
288
Calculate the highest common factor of 459753 and 12117.
21
What is the highest common factor of 7034344 and 73543?
293
Calculate the highest common divisor of 2421326 and 1491992.
6322
What is the greatest common divisor of 887186 and 227160?
1262
Calculate the highest common divisor of 21581910 and 1026.
1026
What is the greatest common factor of 370378713 and 1314?
219
Calculate the highest common factor of 97145 and 245.
5
What is the greatest common factor of 185 and 5136895?
185
What is the highest common divisor of 109641 and 2757608?
161
What is the highest common factor of 6808 and 451400?
296
What is the highest common factor of 568 and 22709208?
568
What is the greatest common factor of 20332 and 856727?
23
Calculate the highest common factor of 132 and 524801420.
44
Calculate the greatest common divisor of 204 and 11513811.
51
Calculate the highest common divisor of 11978 and 344182.
106
What is the greatest common factor of 54789525 and 903?
903
Calculate the greatest common factor of 52155 and 2993355.
855
Calculate the greatest common factor of 7436 and 2387632.
676
Calculate the highest common factor of 5564 and 6398172.
428
What is the greatest common factor of 8466800 and 30?
10
What is the highest common factor of 106467 and 75133299?
4629
What is the greatest common factor of 1371925 and 4900?
25
Calculate the highest common factor of 5056 and 3762928.
1264
Calculate the highest common divisor of 815395 and 4.
1
What is the greatest common factor of 6300770 and 98?
14
Calculate the highest common divisor of 117898079 and 1131.
377
Calculate the greatest common factor of 7285363 and 526.
263
What is the greatest common divisor of 254145 and 13245?
15
What is the highest common factor of 648 and 52792317?
81
Calculate the highest common factor of 1393122 and 54.
6
What is the highest common factor of 348 and 124925475?
87
What is the highest common factor of 9195366 and 54?
6
What is the greatest common divisor of 321303 and 186?
3
Calculate the greatest common factor of 498115024 and 16.
16
Calculate the greatest common factor of 46672616 and 17289.
1921
What is the greatest common factor of 7425 and 18564525?
675
What is the highest common divisor of 265463976 and 368?
184
What is the greatest common factor of 510 and 5598899?
17
Calculate the greatest common divisor of 12663924 and 312.
156
What is the greatest common divisor of 1666 and 96515545?
833
What is the greatest common divisor of 2354976 and 561808?
7696
Calculate the highest common divisor of 135 and 45968850.
135
What is the highest common divisor of 27229 and 19438149?
373
What is the greatest common divisor of 1074600 and 1380?
60
Calculate the highest common divisor of 558 and 27230772.
186
What is the greatest common factor of 39626139 and 2226?
1113
Calculate the greatest common factor of 666 and 13515582.
222
Calculate the highest common factor of 958600 and 4200.
200
What is the highest common factor of 59640 and 31143?
21
Calculate the greatest common divisor of 4900 and 31921260.
140
What is the highest common factor of 2016816006 and 89?
89
What is the greatest common divisor of 368265044 and 56?
28
What is the highest common factor of 14724 and 14218476?
4908
What is the highest common divisor of 825427 and 1537?
29
What is the highest common factor of 66600 and 939960?
360
What is the highest common divisor of 3831 and 41211344?
1277
What is the highest common factor of 1293634999 and 327?
109
What is the highest common factor of 65067 and 1350417?
123
What is the greatest common divisor of 2195900 and 21700?
700
What is the greatest common divisor of 1653 and 43652424?
1653
What is the highest common divisor of 23950 and 79350?
50
What is the highest common factor of 1530289096 and 56?
56
Calculate the highest common divisor of 5633439 and 1356376.
3199
What is the highest common divisor of 15 and 1534370?
5
What is the highest common factor of 235055 and 65720?
265
Calculate the highest common factor of 153 and 635787.
9
Calculate the greatest common factor of 6259737 and 1595.
319
What is the greatest common factor of 18104 and 979755?
31
What is the highest common divisor of 61174 and 272728?
146
What is the greatest common divisor of 3377703 and 525?
21
What is the highest common factor of 1278 and 57272718?
426
Calculate the greatest common factor of 56 and 1648264.
8
What is the highest common factor of 112210 and 14198?
458
Calculate the highest common factor of 1016 and 16080488.
8
Calculate the highest common divisor of 102923064 and 4203.
4203
Calculate the highest common factor of 9471363 and 1375.
11
Calculate the greatest common factor of 7068 and 83997228.
372
What is the highest common divisor of 118413 and 85409?
223
What is the greatest common divisor of 2464 and 1271564?
28
What is the highest common factor of 1087887537 and 73?
73
Calculate the greatest common factor of 677581 and 703.
37
Calculate the greatest common divisor of 931175417 and 499.
499
Calculate the highest common factor of 764 and 480388684.
764
What is the highest common factor of 235046 and 1193486?
2282
Calculate the greatest c